{"id":258,"date":"2018-01-22T10:17:40","date_gmt":"2018-01-22T14:17:40","guid":{"rendered":"http:\/\/ayuntamiento.o\/transparencia\/?page_id=258"},"modified":"2025-07-16T12:19:15","modified_gmt":"2025-07-16T16:19:15","slug":"responsable-de-acceso-a-la-informacion","status":"publish","type":"page","link":"https:\/\/distritomunicipaldejaibonpueblonuevo.gob.do\/transparencia\/responsable-de-acceso-a-la-informacion\/","title":{"rendered":"Responsable de Acceso a la Informaci\u00f3n"},"content":{"rendered":"\n\n\n<div class=\"wp-block-columns\">\n<div class=\"wp-block-column\">\n<figure class=\"wp-block-gallery has-nested-images columns-default is-cropped\">\n<figure class=\"wp-block-image size-full\"><img loading=\"lazy\" width=\"419\" height=\"744\" src=\"http:\/\/distritomunicipaldejaibonpueblonuevo.gob.do\/transparencia\/wp-content\/uploads\/2025\/07\/maria-02.jpg\" alt=\"\" class=\"wp-image-965\" srcset=\"https:\/\/distritomunicipaldejaibonpueblonuevo.gob.do\/transparencia\/wp-content\/uploads\/2025\/07\/maria-02.jpg 419w, https:\/\/distritomunicipaldejaibonpueblonuevo.gob.do\/transparencia\/wp-content\/uploads\/2025\/07\/maria-02-250x444.jpg 250w, https:\/\/distritomunicipaldejaibonpueblonuevo.gob.do\/transparencia\/wp-content\/uploads\/2025\/07\/maria-02-120x213.jpg 120w\" sizes=\"(max-width: 419px) 100vw, 419px\" \/><\/figure>\n<\/figure>\n<\/div>\n\n\n\n<div class=\"wp-block-column\">\n<h2><strong>Responsable de Acceso a la Informaci\u00f3n Distrital (RAIM)<\/strong><\/h2>\n\n\n\n<p class=\"has-medium-font-size\">Mes De Junio 2025<\/p>\n<p class=\"has-medium-font-size\"><strong>Sra. Mar\u00eda Esthefany Torrez Almonte\u00a0<\/strong><\/p>\n<\/div>\n<\/div>\n\n\n\n<hr class=\"wp-block-separator is-style-wide\" \/>\n\n\n\n<h2>Contacto Responsable de la oficina de libre Acceso a la&nbsp; Informaci\u00f3n P\u00fablica<\/h2>\n\n\n\n<p><strong>Tel\u00e9fono.<\/strong>:&nbsp;809-755-3384<\/p>\n\n\n\n<p><strong>Whatsapp.:<\/strong> +1 (809) 509-3655<br><strong>Correo electr\u00f3nico.:\u00a0\u00a0<a href=\"https:\/\/juntadistritalelrubio.gob.do\/transparencia\/responsable-de-acceso-a-la-informacion\/Jdm.el.rubio.oai@gmail.com\">Jdm.jaibon.pueblo.nuevo.oai@gmail.com<\/a><\/strong><\/p>\n\n\n\n<p><strong>Correo electr\u00f3nico (JDM).:<\/strong>&nbsp;&nbsp;<a rel=\"noreferrer noopener\" href=\"mailto:Jaibonpueblonuevomaojuntadistr@gmail.com\" target=\"_blank\">Jaibonpueblonuevomaojuntadistr@gmail.com<\/a><\/p>\n\n\n\n<p><strong>Direcci\u00f3n.:&nbsp;<\/strong>Carretera Duarte, Mao &#8211; Guayub\u00edn Pueblo Nuevo No. 01 Rep. Dom.<\/p>\n\n\n\n<p><\/p>\n\n\n\n<hr class=\"wp-block-separator is-style-wide\" \/>\n\n\n\n<figure class=\"wp-block-gallery has-nested-images columns-default is-cropped\">\n<figure class=\"wp-block-image\"><img loading=\"lazy\" width=\"419\" height=\"744\" data-id=\"965\"  src=\"http:\/\/distritomunicipaldejaibonpueblonuevo.gob.do\/transparencia\/wp-content\/uploads\/2025\/07\/maria-02.jpg\" alt=\"\" class=\"wp-image-965\" srcset=\"https:\/\/distritomunicipaldejaibonpueblonuevo.gob.do\/transparencia\/wp-content\/uploads\/2025\/07\/maria-02.jpg 419w, https:\/\/distritomunicipaldejaibonpueblonuevo.gob.do\/transparencia\/wp-content\/uploads\/2025\/07\/maria-02-250x444.jpg 250w, https:\/\/distritomunicipaldejaibonpueblonuevo.gob.do\/transparencia\/wp-content\/uploads\/2025\/07\/maria-02-120x213.jpg 120w\" sizes=\"(max-width: 419px) 100vw, 419px\" \/><\/figure>\n\n\n\n<figure class=\"wp-block-image\"><img loading=\"lazy\" width=\"428\" height=\"765\" data-id=\"963\"  src=\"http:\/\/distritomunicipaldejaibonpueblonuevo.gob.do\/transparencia\/wp-content\/uploads\/2025\/07\/maria-1.jpg\" alt=\"\" class=\"wp-image-963\" srcset=\"https:\/\/distritomunicipaldejaibonpueblonuevo.gob.do\/transparencia\/wp-content\/uploads\/2025\/07\/maria-1.jpg 428w, https:\/\/distritomunicipaldejaibonpueblonuevo.gob.do\/transparencia\/wp-content\/uploads\/2025\/07\/maria-1-250x447.jpg 250w, https:\/\/distritomunicipaldejaibonpueblonuevo.gob.do\/transparencia\/wp-content\/uploads\/2025\/07\/maria-1-120x214.jpg 120w\" sizes=\"(max-width: 428px) 100vw, 428px\" \/><\/figure>\n<\/figure>\n\n\n\n<h2>Oficina de libre acceso a la informaci\u00f3n&nbsp;Distrito Municipal de Jaib\u00f3n<\/h2>\n\n\n\n<div class=\"wp-block-columns\">\n<div class=\"wp-block-column\" style=\"flex-basis:66.66%\">\n<p class=\"has-text-align-center\"><strong>Formulario de entrega de informaci\u00f3n<\/strong><\/p>\n<\/div>\n\n\n\n<div class=\"wp-block-column\" style=\"flex-basis:33.33%\">\n<div class=\"wp-container-1 wp-block-buttons\">\n<div class=\"wp-block-button aligncenter\"><a class=\"wp-block-button__link\" href=\"https:\/\/distritomunicipaldejaibonpueblonuevo.gob.do\/transparencia\/formulario-de-solicitud-de-informacion\/\" target=\"_blank\" rel=\"noreferrer noopener\">Descargar <\/a><\/div>\n<\/div>\n<\/div>\n<\/div>\n\n\n\n\n\n<div class=\"wp-container-2 wp-block-buttons\"><\/div>\n","protected":false},"excerpt":{"rendered":"Responsable de Acceso a la Informaci\u00f3n Distrital (RAIM) Mes De Junio 2025 Sra. Mar\u00eda Esthefany Torrez Almonte\u00a0 Contacto Responsable de la oficina de libre Acceso a la&nbsp; Informaci\u00f3n P\u00fablica Tel\u00e9fono.:&nbsp;809-755-3384 Whatsapp.: +1 (809) 509-3655Correo electr\u00f3nico.:\u00a0\u00a0Jdm.jaibon.pueblo.nuevo.oai@gmail.com Correo electr\u00f3nico (JDM).:&nbsp;&nbsp;Jaibonpueblonuevomaojuntadistr@gmail.com Direcci\u00f3n.:&nbsp;Carretera Duarte, Mao &#8211; Guayub\u00edn Pueblo Nuevo No. 01 Rep. Dom. Oficina de libre acceso a la&#8230;","protected":false},"author":4,"featured_media":0,"parent":0,"menu_order":0,"comment_status":"closed","ping_status":"closed","template":"","meta":[],"_links":{"self":[{"href":"https:\/\/distritomunicipaldejaibonpueblonuevo.gob.do\/transparencia\/wp-json\/wp\/v2\/pages\/258"}],"collection":[{"href":"https:\/\/distritomunicipaldejaibonpueblonuevo.gob.do\/transparencia\/wp-json\/wp\/v2\/pages"}],"about":[{"href":"https:\/\/distritomunicipaldejaibonpueblonuevo.gob.do\/transparencia\/wp-json\/wp\/v2\/types\/page"}],"author":[{"embeddable":true,"href":"https:\/\/distritomunicipaldejaibonpueblonuevo.gob.do\/transparencia\/wp-json\/wp\/v2\/users\/4"}],"replies":[{"embeddable":true,"href":"https:\/\/distritomunicipaldejaibonpueblonuevo.gob.do\/transparencia\/wp-json\/wp\/v2\/comments?post=258"}],"version-history":[{"count":5,"href":"https:\/\/distritomunicipaldejaibonpueblonuevo.gob.do\/transparencia\/wp-json\/wp\/v2\/pages\/258\/revisions"}],"predecessor-version":[{"id":968,"href":"https:\/\/distritomunicipaldejaibonpueblonuevo.gob.do\/transparencia\/wp-json\/wp\/v2\/pages\/258\/revisions\/968"}],"wp:attachment":[{"href":"https:\/\/distritomunicipaldejaibonpueblonuevo.gob.do\/transparencia\/wp-json\/wp\/v2\/media?parent=258"}],"curies":[{"name":"wp","href":"https:\/\/api.w.org\/{rel}","templated":true}]}}